 is the tens digit of x(-11)?
6
Let q(h) = h + 11. Let p be q(-15). Let f(s) = -6*s + 4. Let o be f(p). Let w = o + 17. What is the units digit of w?
5
Suppose 4*l = -5*a + 909, -4*l = -4*a + 165 - 1029. Suppose 0 = -l*p + 220*p + 44. What is the units digit of p?
4
What is the thousands digit of -5 - (-4 + (-12)/(-1) + -6259)?
6
Let u = 8720 - 5190. What is the thousands digit of u?
3
Suppose 6 = -0*u + 3*u. Let a be -86*(-3)/(-12)*u. Let l = a + 79. What is the tens digit of l?
3
Let k be 1 + -3 + 4 + -45. Let c = k + 37. What is the tens digit of 28/c*(-4 + 25/(-2))?
7
Let l(z) = 11*z + 38. Let o(j) = -11*j - 37. Let n(h) = 2*l(h) + 3*o(h). Suppose -5*d - 32 = 8. What is the units digit of n(d)?
3
Suppose -2200 = 6*i - 37954. What is the tens digit of i?
5
Suppose -9*n = -7*n - 8. Suppose -75 - 109 = -4*f. Suppose n*d + f = 254. What is the units digit of d?
2
Let s(n) = 883*n + 9602. What is the units digit of s(44)?
4
Let i(t) = -t**2 - 10*t + 24613. What is the ten thousands digit of i(0)?
2
Let h(y) = 789*y**2 - 39*y + 89. What is the tens digit of h(-7)?
2
Let q(g) = -59*g - 65. Suppose 6*h + 17 = -31. What is the units digit of q(h)?
7
Let q(w) = -20*w + 35. Let l(s) = -s. Let j(x) = -2*l(x) - q(x). Let g(z) = z**2 - 69*z + 267. Let c be g(4). What is the tens digit of j(c)?
1
Let s(n) = -n**2 - 17*n + 5713. What is the units digit of s(0)?
3
Suppose 0 = 14*y + 36 - 246. Suppose -4*a + 0*k + 59 = -k, 0 = -5*a + 4*k + 71. Let t = y + a. What is the units digit of t?
0
Let c(f) = 22*f + 184. Let y be c(-8). Suppose y*h + 1247 = 4231. What is the units digit of h?
3
Let p be (-1 - -1)*(-3 + 2). Suppose -6*k + 3*k + 9 = p. What is the units digit of (k + 26 - 4)/((-1)/(-1))?
5
Let q(r) = -192*r + 427. What is the tens digit of q(-11)?
3
Let c(v) = 2*v**3 + 6*v**2 - 6*v + 8. Let z be c(-4). Suppose 2*o - 418 + 39 = -5*u, -3*u - 217 = -o. Suppose 9*i + o - 841 = z. What is the units digit of i?
1
Let t = 3136 - 2959. What is the tens digit of t?
7
Let j = 118905 - 58900. What is the ten thousands digit of j?
6
Let p(r) = r**3 - 2*r**2 - r - 1. Let h be p(3). Suppose z + 35 = -h*y - 77, 4*y + 16 = 0. Let x = z - -139. What is the units digit of x?
7
Suppose 5*a = 3*z - 44118, -3*a = -2*z + 18767 + 10643. What is the ten thousands digit of z?
1
Let t(o) = 866*o - 1138. What is the tens digit of t(14)?
8
Suppose -15*r - 5 = -5. Suppose -k + 4*x + 158 = -0*x, -2*k - 2*x + 306 = r. What is the tens digit of k?
5
Let c = 41 + -36. Suppose -5*w + 2*v = -21 - c, -v = 3. Suppose 5*b = 3*x + 479, 0 = -b - w*x - 25 + 130. What is the units digit of b?
7
Let a(q) = -1385*q - 312. What is the units digit of a(-32)?
8
Suppose 0 = -19*h - 16*h + 2*h + 1510443. What is the units digit of h?
1
Suppose -20*g + 423066 = -6*g. What is the units digit of g?
9
What is the tens digit of 54/675*-15 + (-287746)/(-5)?
4
Suppose -5*b - 2*c + 104 = 0, 3*b - 5*c - 4 - 46 = 0. Suppose 24*f = b*f + 2856. What is the units digit of f?
4
Let w be (52/26)/(2/(-3)). What is the tens digit of w*1/7 + 412/14?
2
Suppose -3*v - 4*b + 22578 = 0, 114*v - 116*v = 3*b - 15051. What is the tens digit of v?
3
Let r be 87/2*(-7888)/204. Let w = -940 - r. What is the hundreds digit of w?
7
Let c(g) = 67*g**3 + 17*g**2 - 43*g + 233. What is the hundreds digit of c(5)?
8
Suppose 250 = -3*b + 2*x - x, 2*b - x + 166 = 0. What is the hundreds digit of (-32718)/b + (-2)/(-4)?
3
Let t(o) = -9*o**3 + 10*o**2 + 14*o + 13. What is the tens digit of t(-9)?
5
Suppose -20 + 20 = -5*w. Suppose -3*i - 3*p + 1257 = 0, w = -3*p - 2 - 10. What is the hundreds digit of i?
4
Let h = 23 + -18. Suppose -h*k + 7*k = -60. What is the units digit of (-4)/k - 5196/(-180)?
9
Suppose 14*i + 3*i - 119 = 0. Let f(q) = 65*q - 101. What is the tens digit of f(i)?
5
Let m(c) = -6*c**3 - 5*c**2 + 63*c + 281. What is the tens digit of m(-5)?
9
Let l = -22 + 67. What is the hundreds digit of (3190/33)/(((-12)/l)/(-2))?
7
Suppose 3*j + 2*v = 1893 + 1176, -v = -5*j + 5128. Suppose 404 = 2*c - 4*i - 274, 3*c - 2*i = j. What is the hundreds digit of c?
3
Let o(q) = 16*q**2 - 82*q - 1149. What is the thousands digit of o(-25)?
0
Suppose d + 101 - 104 = 0. Suppose -p + 0*p = d*g - 3, -2*p + 6 = 3*g. Suppose -p = 4*r + 4*v - 43, -3*v - 26 = -r. What is the tens digit of r?
1
Let h be (27 + 5)*(-1 + 2). Suppose 4*c + 4 = h. Suppose -13 - 8 = -c*g. What is the units digit of g?
3
Suppose 178*n + 169*n - 53140 = 343*n. What is the units digit of n?
5
Suppose -u = -0*x + 4*x - 4, -4*x + 16 = -2*u. Suppose 6 = 4*d - 10, -x*o = 3*d - 1688. What is the units digit of o?
8
Let w(m) = 2*m**2 - 28*m - 17. What is the units digit of w(18)?
7
Let h(y) = -17*y - 97. Let w be h(-7). Suppose w*r - 10914 = -1696. What is the units digit of r?
9
What is the tens digit of 625857/15 - 2/50*65/(-13)?
2
Suppose -7*b = 1206 + 1398. What is the units digit of ((-2)/4)/(1861/b - -5)?
6
Let g be (-7 - -17)/2 - (1 - -2). Suppose 0*v - 2100 = -g*v. What is the units digit of v?
0
Suppose -5*n + 4*h + 48450 = 0, -n - 4*h = 2173 - 11839. What is the thousands digit of n?
9
What is the hundreds digit of 2987166/56 - (-10*12/32 + 3)?
3
Suppose 4*f + 117 - 193 = 0. Suppose 2 = -x - 0*x. What is the tens digit of x - ((-4)/1 - f)?
2
Suppose 820 + 480 = -13*m. What is the units digit of m/(-45) + (-3)/((-81)/(-6))?
2
Let x(y) = 8*y + 52. Let u be x(8). Let g = 263 - u. What is the units digit of g?
7
Let l = -17 + 22. Suppose l*z - 2 = 4*g - 97, 5*z + 15 = 0. Suppose g*k = 10*k + 1670. What is the hundreds digit of k?
1
Let t = 21 - 18. Suppose 12 = t*b, 5*z - b + 30 = 156. What is the tens digit of (-2)/3*(-429)/z?
1
Let z(n) = 2*n**3 - 18*n**2 + 16*n + 97. What is the units digit of z(19)?
1
Let a = 39220 + 6583. What is the units digit of a?
3
Let a(m) = -82*m**3 - 3*m**2 - 4*m - 1. Let o = 13 - 8. Suppose -2*z - 7 = o*z. What is the units digit of a(z)?
2
Let x(y) = -15*y**3 + 4*y**2 + 6*y + 1. Let u be x(-4). Let v = -579 + u. What is the tens digit of v?
2
Suppose -5*n - 6*n = -1914. Suppose 7*d - 1 - n = 0. Suppose -d*v + 28*v = 579. What is the units digit of v?
3
Let b be ((-6)/(-4))/((-8)/16). What is the tens digit of (80/(2 - b))/(1/3)?
4
Let m = -104 - -899. Suppose -b - 3*i + m = 0, 4*i = -6*b + b + 3931. What is the hundreds digit of b?
7
Suppose 78 + 10 = -22*d. Let f(m) = -4*m**3 - 3*m**2 - 3*m + 13. What is the units digit of f(d)?
3
Let a = -8 - -19. Let l be 2 + 0 + -3 + a. Let b = 31 - l. What is the tens digit of b?
2
Let g(d) = d**2 - 3*d + 12. Let v(x) = x**2 - 5*x + 24. Let w(b) = 5*g(b) - 2*v(b). Let y(n) = -71*n + 999. Let k be y(14). What is the tens digit of w(k)?
6
Suppose 2*n - x - 13090 = -1511, -5*n - 2*x + 28943 = 0. What is the units digit of n?
9
Suppose 3*c = 3*u - 1134, -3*c - 1388 = 2*u - 244. Let a = 755 + c. What is the units digit of a?
5
Let g be (2 - -2)*-19 + 0. Let c = -13 - g. What is the tens digit of c?
6
Let a(d) = 4*d**2 - 35*d + 3148. What is the units digit of a(57)?
9
Suppose 222918 + 496351 = 92*r - 262739. What is the ten thousands digit of r?
1
Suppose -56*x + 222565 = -309931 - 529376. What is the hundreds digit of x?
9
Let x(v) = -7527*v + 1712. What is the ten thousands digit of x(-3)?
2
Let d(u) = u**2 + 15*u + 5. Let f be d(-14). Let q(o) = -o**3 - 9*o**2 - 4*o - 21. What is the units digit of q(f)?
5
Let j(c) = c**2 - 2*c - 31. Let i be j(-5). Suppose -2*w + i*w = -2*z + 546, 0 = -3*w - z + 823. What is the hundreds digit of w?
2
Let m(w) = 24*w + 112. Let k(s) = 119*s + 558. Let h(z) = -2*k(z) + 11*m(z). What is the units digit of h(7)?
8
Suppose 3*r + 24 = 3*h - 0*h, 0 = -2*h + 4*r + 26. Suppose h*p - 285 = -5*b - 2*p, -b - 4*p = -51. What is the tens digit of b?
5
Let r(x) = -x**2 + 1. Let b be r(1). Suppose b = -5*m + 1459 - 129. Let k = -174 + m. What is the tens digit of k?
9
What is the tens digit of 1 + 14/(-10) - 283360/(-400)?
0
Let l(y) = -2*y**2 - 165*y + 216. What is the units digit of l(-75)?
1
What is the thousands digit of 7*1*13128174/4599?
9
What is the thousands digit of (4485322/1735)/(2/5)?
6
Let g = -5 + 40. Let t = 41 - g. Suppose -t*j = -9*j + 60. What is the tens digit of j?
2
Let w(c) = -5*c + 15. Let f be w(3). What is the hundreds digit of (-4 + f + -228)*1/(-2)?
1
Le